hen 12256 is divided by 6124.
8
Calculate the remainder when 351 is divided by 29.
3
Calculate the remainder when 9829 is divided by 113.
111
Calculate the remainder when 1619 is divided by 161.
9
Calculate the remainder when 6790 is divided by 677.
20
Calculate the remainder when 3081341 is divided by 724.
721
Calculate the remainder when 98117 is divided by 3066.
5
What is the remainder when 82432 is divided by 296?
144
What is the remainder when 7592 is divided by 40?
32
Calculate the remainder when 1162 is divided by 40.
2
What is the remainder when 956 is divided by 116?
28
Calculate the remainder when 19010 is divided by 6335.
5
What is the remainder when 10119 is divided by 3278?
285
What is the remainder when 10296 is divided by 39?
0
What is the remainder when 172266 is divided by 655?
1
Calculate the remainder when 1735 is divided by 76.
63
Calculate the remainder when 5710 is divided by 5687.
23
What is the remainder when 3478 is divided by 576?
22
Calculate the remainder when 104242 is divided by 34746.
4
What is the remainder when 29254 is divided by 140?
134
What is the remainder when 78579 is divided by 209?
204
What is the remainder when 2519 is divided by 90?
89
Calculate the remainder when 285 is divided by 5.
0
Calculate the remainder when 2829586 is divided by 348.
346
What is the remainder when 111400 is divided by 37121?
37
What is the remainder when 37443 is divided by 9357?
15
What is the remainder when 22224 is divided by 20?
4
Calculate the remainder when 882 is divided by 676.
206
What is the remainder when 10413 is divided by 160?
13
Calculate the remainder when 199969 is divided by 23.
7
Calculate the remainder when 847603 is divided by 36.
19
Calculate the remainder when 762 is divided by 339.
84
What is the remainder when 352217 is divided by 352206?
11
What is the remainder when 10818 is divided by 79?
74
Calculate the remainder when 9063 is divided by 566.
7
What is the remainder when 12288 is divided by 58?
50
What is the remainder when 2960786 is divided by 13?
10
Calculate the remainder when 14936 is divided by 148.
136
What is the remainder when 7267 is divided by 68?
59
Calculate the remainder when 7083 is divided by 187.
164
What is the remainder when 47453 is divided by 1216?
29
Calculate the remainder when 84883 is divided by 162.
157
What is the remainder when 13881 is divided by 552?
81
What is the remainder when 47151 is divided by 798?
69
Calculate the remainder when 862 is divided by 23.
11
What is the remainder when 41473 is divided by 89?
88
Calculate the remainder when 92285 is divided by 896.
893
Calculate the remainder when 1535165 is divided by 482.
477
What is the remainder when 58311 is divided by 19433?
12
What is the remainder when 20328 is divided by 20323?
5
Calculate the remainder when 8672 is divided by 257.
191
Calculate the remainder when 59558 is divided by 136.
126
What is the remainder when 1766 is divided by 209?
94
What is the remainder when 192064 is divided by 192007?
57
What is the remainder when 3128 is divided by 319?
257
Calculate the remainder when 2328 is divided by 62.
34
What is the remainder when 19687 is divided by 1035?
22
Calculate the remainder when 100635 is divided by 2287.
7
Calculate the remainder when 74631 is divided by 18654.
15
What is the remainder when 34102 is divided by 174?
172
Calculate the remainder when 827099 is divided by 69.
65
Calculate the remainder when 31308 is divided by 531.
510
What is the remainder when 2141 is divided by 9?
8
Calculate the remainder when 6389 is divided by 465.
344
Calculate the remainder when 5669 is divided by 653.
445
What is the remainder when 274605 is divided by 14?
9
Calculate the remainder when 39985 is divided by 2220.
25
Calculate the remainder when 36393 is divided by 6062.
21
Calculate the remainder when 70332 is divided by 35161.
10
What is the remainder when 26255 is divided by 1250?
5
Calculate the remainder when 5160 is divided by 178.
176
What is the remainder when 4823 is divided by 5?
3
What is the remainder when 1394 is divided by 212?
122
Calculate the remainder when 1329 is divided by 348.
285
What is the remainder when 275478 is divided by 47?
11
Calculate the remainder when 70 is divided by 34.
2
Calculate the remainder when 6228 is divided by 3094.
40
What is the remainder when 1018 is divided by 543?
475
Calculate the remainder when 59228 is divided by 301.
232
Calculate the remainder when 60323 is divided by 2236.
2187
What is the remainder when 1266 is divided by 1192?
74
What is the remainder when 11393 is divided by 512?
129
What is the remainder when 2195 is divided by 383?
280
What is the remainder when 160159 is divided by 117?
103
What is the remainder when 56329 is divided by 458?
453
Calculate the remainder when 9037 is divided by 4.
1
Calculate the remainder when 1320 is divided by 537.
246
Calculate the remainder when 3981 is divided by 145.
66
Calculate the remainder when 21062 is divided by 6980.
122
Calculate the remainder when 1293447 is divided by 30.
27
Calculate the remainder when 1673 is divided by 124.
61
Calculate the remainder when 114813 is divided by 14.
13
What is the remainder when 52877 is divided by 80?
77
What is the remainder when 18496 is divided by 308?
16
Calculate the remainder when 3327 is divided by 24.
15
What is the remainder when 903 is divided by 727?
176
Calculate the remainder when 40987 is divided by 13650.
37
Calculate the remainder when 218199 is divided by 561.
531
Calculate the remainder when 87268 is divided by 87258.
10
What is the remainder when 1489 is divided by 391?
316
What is the remainder when 51867 is divided by 190?
187
What is the remainder when 490735 is divided by 1487?
25
What is the remainder when 46052 is divided by 15350?
2
What is the remainder when 80612 is divided by 10059?
140
Calculate the remainder when 3917 is divided by 84.
53
Calculate the remainder when 19921 is divided by 219.
211
What is the remainder when 5221 is divided by 132?
73
What is the remainder when 12685 is divided by 107?
59
Calculate the remainder when 381422 is divided by 287.
286
What is the remainder when 844026 is divided by 9?
6
What is the remainder when 253 is divided by 44?
33
Calculate the remainder when 238044 is divided by 32.
28
What is the remainder when 60104 is divided by 1054?
26
What is the remainder when 973 is divided by 101?
64
Calculate the remainder when 2346 is divided by 1158.
30
Calculate the remainder when 145359 is divided by 248.
31
Calculate the remainder when 6623 is divided by 3311.
1
What is the remainder when 53172 is divided by 13287?
24
Calculate the remainder when 1605 is divided by 99.
21
Calculate the remainder when 2585 is divided by 827.
104
What is the remainder when 140772 is divided by 4?
0
What is the remainder when 76335 is divided by 100?
35
Calculate the remainder when 1167681 is divided by 207.
201
What is the remainder when 11682 is divided by 19?
16
Calculate the remainder when 2050 is divided by 625.
175
Calculate the remainder when 864750 is divided by 822.
6
Calculate the remainder when 921085 is divided by 512.
509
Calculate the remainder when 168522 is divided by 175.
172
What is the remainder when 13100 is divided by 4365?
5
Calculate the remainder when 355 is divided by 155.
45
Calculate the remainder when 76462 is divided by 1318.
18
What is the remainder when 53716 is divided by 632?
628
What is the remainder when 5041 is divided by 2360?
321
Calculate the remainder when 31551 is divided by 343.
338
What is the remainder when 55704 is divided by 119?
12
Calculate the remainder when 67744 is divided by 22558.
70
Calculate the remainder when 19750 is divided by 22.
16
Calculate the remainder when 147 is divided by 10.
7
Calculate the remainder when 21228 is divided by 1632.
12
Calculate the remainder when 997 is divided by 207.
169
Calculate the remainder when 944 is divided by 12.
8
Calculate the remainder when 203936 is divided by 2549.
16
Calculate the remainder when 23470 is divided by 6.
4
Calculate the remainder when 654 is divided by 172.
138
What is the remainder when 115016 is divided by 411?
347
What is the remainder when 6269 is divided by 148?
53
Calculate the remainder when 1834 i